45. Suppose y = 5*q + 2*u, 3*q + u + 3*u = 9. Let i be (10/8)/(1/12). What is the greatest common factor of q and i?
3
Suppose -2*j + 29 = 3*g, 5*j - j = -5*g + 63. Calculate the greatest common divisor of j and 33.
11
Suppose 0 = n + o - 2*o + 3, n + 2*o + 6 = 0. Let v = 3 + n. Let b be (-2)/(v - (-14)/18). Calculate the greatest common divisor of 1 and b.
1
Let q = 69 + -62. Let h be (-173)/(-5) - (-10)/25. What is the highest common factor of h and q?
7
Let s(g) = g + 6. Let v be s(4). Calculate the highest common factor of 110 and v.
10
Let o = -15 + 72. Let g = 7 + 12. Calculate the greatest common divisor of g and o.
19
Suppose -5*n - 1 - 4 = 0. Let r be (n - 3)/(6/(-9)). Let b(g) = g**3 + 4*g**2 - 4*g + 2. Let k be b(-4). What is the greatest common factor of r and k?
6
Suppose y = -4*l + 239, 2*y = -l + 31 + 27. Suppose 15*q = 3*x + 17*q - 45, -5*q - 30 = -2*x. What is the greatest common factor of x and l?
15
Let h be (-26)/4*((6 - 3) + -5). Calculate the greatest common factor of 104 and h.
13
Let g = 20 + -11. Let x(m) = -m**2 + 11*m - 6. Let c be x(g). Suppose 7*o - c = 3*o + 5*q, -4*o + 52 = 5*q. What is the highest common divisor of o and 1?
1
Suppose s - v = -5, 0 = -5*s - 0*s + 4*v - 20. Let f(w) = w + 8. Let a be f(s). Calculate the greatest common factor of a and 8.
8
Let q = 7 + -1. Suppose -3*z + 18 = 3*w, -2*z = -5*w - q - 6. What is the highest common factor of z and 54?
6
Suppose 0 = -3*v + z + 10, 3*v - 2*z - 5 = 3. Let c be 83 + 4 + (-8)/v. What is the highest common divisor of 34 and c?
17
Suppose -29 = -2*p + 37. Calculate the highest common factor of 11 and p.
11
Let w(f) = -f**2 - 11*f + 45. Let b be w(-14). Calculate the highest common divisor of b and 3.
3
Suppose 5*m + 16 - 1 = 0. Let x be (4/m)/(5/(-30)). Let k(o) = -4*o - 4. Let s be k(-3). Calculate the greatest common factor of x and s.
8
Let f(p) = -p**3 - 10*p**2 - 9*p + 8. Let x be f(-9). Suppose 8*j - 11*j = -240. What is the highest common factor of x and j?
8
Let b be (24/(-10))/((-1)/5). What is the greatest common divisor of 12 and b?
12
Let z(x) = -21*x - 3. Let j be z(-2). Let s(g) = g**2 + 3*g + 6. Let c be s(-3). Let m be 3/c + 51/2. Calculate the greatest common divisor of j and m.
13
Suppose -270 = -q - 4*q. Suppose 2*f - q = -f. Calculate the greatest common divisor of 90 and f.
18
Suppose -32 = m - 5*m. Let p = 14 - m. Suppose -5*d + 65 + 85 = 0. Calculate the highest common divisor of d and p.
6
Let r(u) = -u + 18. Let p be r(0). Let v = 91 - 64. What is the highest common divisor of v and p?
9
Suppose 8*c = -k + 3*c + 23, -2*c = 2*k - 54. What is the highest common factor of k and 252?
28
Let u be (-2)/(-6) - 134/(-3). Suppose -2*x + 23 = -5*y, 0*y + 3*y = -3*x + 24. Calculate the greatest common divisor of x and u.
9
Let h = -1 + -1. Suppose 0 = -3*d - 0*d - 84. Let n be (d/(-6))/(h/(-63)). What is the greatest common factor of 21 and n?
21
Let a = -25 - -88. What is the greatest common divisor of 7 and a?
7
Let y = -38 - -78. Let x = 10 + 6. What is the greatest common factor of x and y?
8
Let o be (-307 + -1)*36/(-16). Suppose -r = 2*r - o. Let h(k) = 2*k**2 + 7*k + 6. Let w be h(-5). Calculate the highest common divisor of r and w.
21
Let o = -11 + 23. Let y(h) = h**2 - h - 2. Let l be y(3). Suppose 0 = -i - 3*i - l*c + 164, -4*i + 134 = -2*c. Calculate the highest common factor of i and o.
12
Let p(g) = g + 18. Let i be p(0). Let z(x) = -x**3 + 6*x**2 + x - 3. Let m be z(5). Calculate the highest common divisor of i and m.
9
Let z be 2/10 - (-2680)/100. What is the highest common divisor of z and 3?
3
Suppose -3*j + 72 = j. Suppose k - 5*k + 180 = 0. Calculate the greatest common factor of k and j.
9
Suppose -2*a = -3*o - 5*a + 138, -4*a - 131 = -3*o. Suppose -4*u + u = -o. Let w be (-1 + 2)/1 - -5. What is the highest common divisor of w and u?
3
Suppose 28 + 0 = 4*d. Let w(b) = -b**3 + 6*b**2 + 9*b + 10. Let q be w(d). Calculate the highest common divisor of q and 3.
3
Let f = 13 - 13. Suppose -4*p + c + 68 = -3*c, -5*p - c + 73 = f. Calculate the greatest common factor of p and 10.
5
Let u(o) = -o. Let z be u(-6). Suppose -3 = -2*q + 5*x, 0 = 2*q - 4*x - 4. Calculate the highest common divisor of q and z.
2
Let l = 43 + -28. Suppose j - 234 = -j. Let m = j - 12. Calculate the greatest common factor of m and l.
15
Let w = 31 - 21. Let k(v) = v**3 - 7*v**2 + 6*v. Let x be k(6). Suppose -3*r - 4 = -4*m, -m + 0*m - r + 8 = x. What is the greatest common divisor of w and m?
2
Let z = 18 - 8. Let i = -2 + z. Calculate the greatest common divisor of 32 and i.
8
Suppose -2*g + 5*f + 36 = -7, 0 = -2*g - 4*f + 52. Calculate the greatest common factor of 8 and g.
8
Let g be 1 - 14*2/4. Let b = g - -20. Let n = 20 - b. What is the greatest common divisor of 42 and n?
6
Suppose -53 - 87 = -5*a. Let j be 1 + 8 + 8/(-4). Calculate the greatest common factor of j and a.
7
Let w(u) = u**2 + u - 19. Let g be w(-6). What is the greatest common divisor of g and 77?
11
Let w(s) be the third derivative of s**5/10 - s**4/12 + s**3/3 - 2*s**2. Let z be w(2). Let v = z - 5. What is the highest common factor of 17 and v?
17
Let u(l) be the third derivative of 1/12*l**4 + 3*l**2 + 0 + 1/6*l**3 + 1/60*l**5 + 0*l. Let i be u(-4). Calculate the greatest common divisor of i and 45.
9
Let n = 56 + 217. Suppose 2*y + y - n = 0. Calculate the greatest common divisor of y and 13.
13
Let y be ((-65)/13)/((-1)/9). Calculate the greatest common factor of 18 and y.
9
Let h(b) = -b**3 + 7*b**2. Let i be h(3). Calculate the greatest common divisor of i and 324.
36
Suppose 3*o = 3*u - 219, u - 79 = 4*o - o. Calculate the greatest common factor of 14 and u.
14
Suppose 3*o + 20 = 2*n, 2*n - 5*o = 3*n + 16. Suppose 5*b - 10*b = -30. What is the greatest common factor of n and b?
2
Let f = 40 - 29. Let s(z) = z**2 - z - 1. Let v be s(4). What is the highest common divisor of v and f?
11
Suppose 0*u + 2*u = 6. Suppose 84 = -12*i + 19*i. What is the greatest common divisor of i and u?
3
Let y = 108 - 100. What is the greatest common divisor of y and 56?
8
Suppose 0 = 3*q - f - 17, -2*q - 7*f + 34 = -2*f. Let u = 10 + q. Suppose b = u + 23. Calculate the highest common factor of 16 and b.
8
Let q(w) = w**3 + 12*w**2 - 14*w - 13. Let i be q(-13). Suppose -5*l + 3*b + i*b = -209, 4*l - 4*b - 172 = 0. Calculate the greatest common divisor of l and 16.
8
Let l = -24 - -33. What is the highest common divisor of l and 99?
9
Suppose 174 = 3*p - 3*z, 242 = 9*p - 5*p + z. What is the greatest common divisor of p and 36?
12
Let o(f) = -f**2 + 6*f + 3. Let g be o(7). Let w(d) = d**2 + 2*d - 1. Let i be w(g). What is the greatest common divisor of i and 63?
7
Suppose 5*y - 4*m - 21 = 0, -5*m = -5*y + y + 15. Suppose -y*l + k + 205 = 0, -k = -3*k + 10. Calculate the greatest common divisor of 14 and l.
14
Let n(r) = -r + 4. Let j be n(8). Let w = 18 - j. What is the highest common divisor of 2 and w?
2
Let h(j) = 13*j - 65. Let i be h(6). Calculate the greatest common divisor of i and 130.
13
Let q(v) = 9*v + 1. Let x be q(1). What is the greatest common factor of 10 and x?
10
Let c(g) = g**3 - 7*g**2 + 7*g + 2. Let o be c(6). Let n = 429 - 405. What is the greatest common divisor of n and o?
8
Let o(v) = -v**2 - 7*v + 1. Let w be o(-5). Calculate the highest common factor of w and 22.
11
Suppose 0 = 4*f - 1 - 7. Let u = -7 + 10. Calculate the highest common divisor of f and u.
1
Let z = -98 + 193. Suppose -o - 4*s = -19, 4*s = -5*o - 0*s + z. Let l(j) = 14*j**2 - 5*j + 5. Let f be l(4). What is the greatest common factor of o and f?
19
Let d = 1 + 1. Suppose 6 + 24 = d*g. Calculate the highest common divisor of 120 and g.
15
Suppose 5*q + 87 = -2*a + 940, -5 = 5*a. Let n(w) = -w**2 + 13*w + 49. Let g be n(15). Calculate the greatest common factor of g and q.
19
Let a = 3 + -6. Let c = a + 22. Calculate the highest common factor of 133 and c.
19
Suppose 18*c - 90 = -0*c. Let d = -82 - -127. What is the highest common factor of c and d?
5
Let m be (6/(-4))/(2/4). Let d(q) = q**2 + 3*q + 2. Let t be d(m). Suppose -7*p + t*p = -770. Calculate the greatest common divisor of 14 and p.
14
Let g(j) = j**3 + 7*j**2 + 5*j - 2. Let a be g(-6). Suppose 0 = -d - a, l + 3*d - 10 - 20 = 0. What is the 